{"id":263,"date":"2025-10-17T20:39:19","date_gmt":"2025-10-17T18:39:19","guid":{"rendered":"https:\/\/nathanchabalier.com\/?page_id=263"},"modified":"2025-10-20T09:14:09","modified_gmt":"2025-10-20T07:14:09","slug":"projet-ar-facades","status":"publish","type":"page","link":"https:\/\/nathanchabalier.com\/?page_id=263","title":{"rendered":"Projet AR Fa\u00e7ades"},"content":{"rendered":"\t\t<div data-elementor-type=\"wp-page\" data-elementor-id=\"263\" class=\"elementor elementor-263\" data-elementor-post-type=\"page\">\n\t\t\t\t<div class=\"elementor-element elementor-element-8626746 e-flex e-con-boxed e-con e-parent\" data-id=\"8626746\" data-element_type=\"container\" data-e-type=\"container\" data-settings=\"{&quot;background_background&quot;:&quot;classic&quot;}\">\n\t\t\t\t\t<div class=\"e-con-inner\">\n\t\t\t\t<div class=\"elementor-element elementor-element-cfaa088 elementor-widget elementor-widget-heading\" data-id=\"cfaa088\" data-element_type=\"widget\" data-e-type=\"widget\" data-widget_type=\"heading.default\">\n\t\t\t\t\t<h2 class=\"elementor-heading-title elementor-size-default\">Projet pour AR Fa\u00e7ades<\/h2>\t\t\t\t<\/div>\n\t\t\t\t\t<\/div>\n\t\t\t\t<\/div>\n\t\t<div class=\"elementor-element elementor-element-37e93ba e-flex e-con-boxed e-con e-parent\" data-id=\"37e93ba\" data-element_type=\"container\" data-e-type=\"container\" data-settings=\"{&quot;background_background&quot;:&quot;classic&quot;}\">\n\t\t\t\t\t<div class=\"e-con-inner\">\n\t\t\t\t<div class=\"elementor-element elementor-element-4831d9f elementor-widget elementor-widget-image\" data-id=\"4831d9f\" data-element_type=\"widget\" data-e-type=\"widget\" data-widget_type=\"image.default\">\n\t\t\t\t\t\t\t\t\t\t\t\t\t\t\t<img fetchpriority=\"high\" decoding=\"async\" width=\"296\" height=\"300\" src=\"https:\/\/nathanchabalier.com\/wp-content\/uploads\/2025\/10\/ARFACADES.png-296x300.webp\" class=\"attachment-medium size-medium wp-image-265\" alt=\"Logo ar fa\u00e7ades\" srcset=\"https:\/\/nathanchabalier.com\/wp-content\/uploads\/2025\/10\/ARFACADES.png-296x300.webp 296w, https:\/\/nathanchabalier.com\/wp-content\/uploads\/2025\/10\/ARFACADES.png-1011x1024.webp 1011w, https:\/\/nathanchabalier.com\/wp-content\/uploads\/2025\/10\/ARFACADES.png-768x778.webp 768w, https:\/\/nathanchabalier.com\/wp-content\/uploads\/2025\/10\/ARFACADES.png.webp 1500w\" sizes=\"(max-width: 296px) 100vw, 296px\" \/>\t\t\t\t\t\t\t\t\t\t\t\t\t\t\t<\/div>\n\t\t\t\t<div class=\"elementor-element elementor-element-c6a487d elementor-widget__width-initial elementor-widget elementor-widget-text-editor\" data-id=\"c6a487d\" data-element_type=\"widget\" data-e-type=\"widget\" data-widget_type=\"text-editor.default\">\n\t\t\t\t\t\t\t\t\t<p>Pendant un hackathon de trois semaines j&rsquo;ai particip\u00e9 en \u00e9quipe \u00e0 la r\u00e9alisation d&rsquo;une application web concr\u00e8te pour AR Fa\u00e7ades une entreprise locale de r\u00e9novation de b\u00e2timents. L&rsquo;objectif \u00e9tait simple : cr\u00e9er une application web permettant le suivi de chantier et la g\u00e9n\u00e9ration de pr\u00e9visionnels.<\/p><p>Ce projet a remport\u00e9 le prix du jury parmi les \u00e9quipes qui travaillaient sur ce projet.<\/p><p>\u00a0<\/p>\t\t\t\t\t\t\t\t<\/div>\n\t\t\t\t\t<\/div>\n\t\t\t\t<\/div>\n\t\t<div class=\"elementor-element elementor-element-bf8ee8a e-flex e-con-boxed e-con e-parent\" data-id=\"bf8ee8a\" data-element_type=\"container\" data-e-type=\"container\" data-settings=\"{&quot;background_background&quot;:&quot;classic&quot;}\">\n\t\t\t\t\t<div class=\"e-con-inner\">\n\t\t\t\t<div class=\"elementor-element elementor-element-4329884 elementor-widget__width-initial elementor-widget elementor-widget-text-editor\" data-id=\"4329884\" data-element_type=\"widget\" data-e-type=\"widget\" data-widget_type=\"text-editor.default\">\n\t\t\t\t\t\t\t\t\t<p>Ce projet utilise les technologies suivantes :<\/p><ul><li><span class=\"a_GcMg font-feature-liga-off font-feature-clig-off font-feature-calt-off text-decoration-none text-strikethrough-none\">Front-end : Next.js (React), CSS (Tailwind)<\/span><\/li><li><span class=\"a_GcMg font-feature-liga-off font-feature-clig-off font-feature-calt-off text-decoration-none text-strikethrough-none\">Back-end : Node.js avec une API REST<\/span><\/li><li><span class=\"a_GcMg font-feature-liga-off font-feature-clig-off font-feature-calt-off text-decoration-none text-strikethrough-none\">Base de donn\u00e9es : MySQL<\/span><\/li><li><span class=\"a_GcMg font-feature-liga-off font-feature-clig-off font-feature-calt-off text-decoration-none text-strikethrough-none\">Outils de collaboration : GitHub, Figma<\/span><\/li><\/ul>\t\t\t\t\t\t\t\t<\/div>\n\t\t\t\t<div class=\"elementor-element elementor-element-0675d58 elementor-widget__width-initial elementor-widget elementor-widget-text-editor\" data-id=\"0675d58\" data-element_type=\"widget\" data-e-type=\"widget\" data-widget_type=\"text-editor.default\">\n\t\t\t\t\t\t\t\t\t<p style=\"margin: 0px; font-style: normal; font-variant-caps: normal; font-width: normal; line-height: normal; font-family: Helvetica; font-size-adjust: none; font-kerning: auto; font-variant-alternates: normal; font-variant-ligatures: normal; font-variant-numeric: normal; font-variant-east-asian: normal; font-variant-position: normal; font-variant-emoji: normal; font-feature-settings: normal; font-optical-sizing: auto; font-variation-settings: normal; color: rgb(255, 240, 10);\">Travailler sur ce projet a \u00e9t\u00e9 une v\u00e9ritable exp\u00e9rience enrichissante. J&rsquo;ai eu l&rsquo;occasion de travailler avec de nouvelles technologies telles que Next.js et Node.js conform\u00e9ment \u00e0 la volont\u00e9 du client.&nbsp;<\/p>\t\t\t\t\t\t\t\t<\/div>\n\t\t\t\t\t<\/div>\n\t\t\t\t<\/div>\n\t\t<div class=\"elementor-element elementor-element-a644a28 e-flex e-con-boxed e-con e-parent\" data-id=\"a644a28\" data-element_type=\"container\" data-e-type=\"container\" data-settings=\"{&quot;background_background&quot;:&quot;classic&quot;}\">\n\t\t\t\t\t<div class=\"e-con-inner\">\n\t\t\t\t<div class=\"elementor-element elementor-element-7b85781 elementor-widget__width-initial elementor-arrows-position-inside elementor-pagination-position-outside elementor-widget elementor-widget-image-carousel\" data-id=\"7b85781\" data-element_type=\"widget\" data-e-type=\"widget\" data-settings=\"{&quot;slides_to_show&quot;:&quot;1&quot;,&quot;navigation&quot;:&quot;both&quot;,&quot;autoplay&quot;:&quot;yes&quot;,&quot;pause_on_hover&quot;:&quot;yes&quot;,&quot;pause_on_interaction&quot;:&quot;yes&quot;,&quot;autoplay_speed&quot;:5000,&quot;infinite&quot;:&quot;yes&quot;,&quot;effect&quot;:&quot;slide&quot;,&quot;speed&quot;:500}\" data-widget_type=\"image-carousel.default\">\n\t\t\t\t\t\t\t<div class=\"elementor-image-carousel-wrapper swiper\" role=\"region\" aria-roledescription=\"carousel\" aria-label=\"Carrousel d\u2019images\" dir=\"ltr\">\n\t\t\t<div class=\"elementor-image-carousel swiper-wrapper\" aria-live=\"off\">\n\t\t\t\t\t\t\t\t<div class=\"swiper-slide\" role=\"group\" aria-roledescription=\"slide\" aria-label=\"1 sur 3\"><figure class=\"swiper-slide-inner\"><img decoding=\"async\" class=\"swiper-slide-image\" src=\"https:\/\/nathanchabalier.com\/wp-content\/uploads\/2025\/10\/screen1.png\" alt=\"\u00e9cran de connexion\" \/><\/figure><\/div><div class=\"swiper-slide\" role=\"group\" aria-roledescription=\"slide\" aria-label=\"2 sur 3\"><figure class=\"swiper-slide-inner\"><img decoding=\"async\" class=\"swiper-slide-image\" src=\"https:\/\/nathanchabalier.com\/wp-content\/uploads\/2025\/10\/screen2-scaled.png\" alt=\"page d&#039;accueil ar fa\u00e7ades\" \/><\/figure><\/div><div class=\"swiper-slide\" role=\"group\" aria-roledescription=\"slide\" aria-label=\"3 sur 3\"><figure class=\"swiper-slide-inner\"><img decoding=\"async\" class=\"swiper-slide-image\" src=\"https:\/\/nathanchabalier.com\/wp-content\/uploads\/2025\/10\/screen3-scaled.png\" alt=\"gestion de chantiers ar fa\u00e7ades\" \/><\/figure><\/div>\t\t\t<\/div>\n\t\t\t\t\t\t\t\t\t\t\t\t<div class=\"elementor-swiper-button elementor-swiper-button-prev\" role=\"button\" tabindex=\"0\">\n\t\t\t\t\t\t<svg aria-hidden=\"true\" class=\"e-font-icon-svg e-eicon-chevron-left\" viewBox=\"0 0 1000 1000\" xmlns=\"http:\/\/www.w3.org\/2000\/svg\"><path d=\"M646 125C629 125 613 133 604 142L308 442C296 454 292 471 292 487 292 504 296 521 308 533L604 854C617 867 629 875 646 875 663 875 679 871 692 858 704 846 713 829 713 812 713 796 708 779 692 767L438 487 692 225C700 217 708 204 708 187 708 171 704 154 692 142 675 129 663 125 646 125Z\"><\/path><\/svg>\t\t\t\t\t<\/div>\n\t\t\t\t\t<div class=\"elementor-swiper-button elementor-swiper-button-next\" role=\"button\" tabindex=\"0\">\n\t\t\t\t\t\t<svg aria-hidden=\"true\" class=\"e-font-icon-svg e-eicon-chevron-right\" viewBox=\"0 0 1000 1000\" xmlns=\"http:\/\/www.w3.org\/2000\/svg\"><path d=\"M696 533C708 521 713 504 713 487 713 471 708 454 696 446L400 146C388 133 375 125 354 125 338 125 325 129 313 142 300 154 292 171 292 187 292 204 296 221 308 233L563 492 304 771C292 783 288 800 288 817 288 833 296 850 308 863 321 871 338 875 354 875 371 875 388 867 400 854L696 533Z\"><\/path><\/svg>\t\t\t\t\t<\/div>\n\t\t\t\t\n\t\t\t\t\t\t\t\t\t<div class=\"swiper-pagination\"><\/div>\n\t\t\t\t\t\t\t\t\t<\/div>\n\t\t\t\t\t\t<\/div>\n\t\t\t\t\t<\/div>\n\t\t\t\t<\/div>\n\t\t\t\t<\/div>\n\t\t","protected":false},"excerpt":{"rendered":"<p>Projet pour AR Fa\u00e7ades Pendant un hackathon de trois semaines j&rsquo;ai particip\u00e9 en \u00e9quipe \u00e0 la r\u00e9alisation d&rsquo;une application web concr\u00e8te pour AR Fa\u00e7ades une entreprise locale de r\u00e9novation de b\u00e2timents. L&rsquo;objectif \u00e9tait simple : cr\u00e9er une application web permettant le suivi de chantier et la g\u00e9n\u00e9ration de pr\u00e9visionnels. Ce projet a remport\u00e9 le prix [&hellip;]<\/p>\n","protected":false},"author":1,"featured_media":0,"parent":0,"menu_order":0,"comment_status":"closed","ping_status":"closed","template":"","meta":{"_acf_changed":false,"footnotes":""},"class_list":["post-263","page","type-page","status-publish","hentry"],"acf":[],"_links":{"self":[{"href":"https:\/\/nathanchabalier.com\/index.php?rest_route=\/wp\/v2\/pages\/263","targetHints":{"allow":["GET"]}}],"collection":[{"href":"https:\/\/nathanchabalier.com\/index.php?rest_route=\/wp\/v2\/pages"}],"about":[{"href":"https:\/\/nathanchabalier.com\/index.php?rest_route=\/wp\/v2\/types\/page"}],"author":[{"embeddable":true,"href":"https:\/\/nathanchabalier.com\/index.php?rest_route=\/wp\/v2\/users\/1"}],"replies":[{"embeddable":true,"href":"https:\/\/nathanchabalier.com\/index.php?rest_route=%2Fwp%2Fv2%2Fcomments&post=263"}],"version-history":[{"count":16,"href":"https:\/\/nathanchabalier.com\/index.php?rest_route=\/wp\/v2\/pages\/263\/revisions"}],"predecessor-version":[{"id":489,"href":"https:\/\/nathanchabalier.com\/index.php?rest_route=\/wp\/v2\/pages\/263\/revisions\/489"}],"wp:attachment":[{"href":"https:\/\/nathanchabalier.com\/index.php?rest_route=%2Fwp%2Fv2%2Fmedia&parent=263"}],"curies":[{"name":"wp","href":"https:\/\/api.w.org\/{rel}","templated":true}]}}