{"id":248,"date":"2025-10-16T13:14:00","date_gmt":"2025-10-16T11:14:00","guid":{"rendered":"https:\/\/nathanchabalier.com\/?page_id=248"},"modified":"2025-10-20T09:09:06","modified_gmt":"2025-10-20T07:09:06","slug":"jeu-snake-en-c","status":"publish","type":"page","link":"https:\/\/nathanchabalier.com\/?page_id=248","title":{"rendered":"Jeu Snake en C"},"content":{"rendered":"\t\t<div data-elementor-type=\"wp-page\" data-elementor-id=\"248\" class=\"elementor elementor-248\" data-elementor-post-type=\"page\">\n\t\t\t\t<div class=\"elementor-element elementor-element-ff435e7 e-flex e-con-boxed e-con e-parent\" data-id=\"ff435e7\" data-element_type=\"container\" data-e-type=\"container\" data-settings=\"{&quot;background_background&quot;:&quot;classic&quot;}\">\n\t\t\t\t\t<div class=\"e-con-inner\">\n\t\t<div class=\"elementor-element elementor-element-806dadb e-con-full e-flex e-con e-child\" data-id=\"806dadb\" data-element_type=\"container\" data-e-type=\"container\">\n\t\t\t\t<div class=\"elementor-element elementor-element-93e3dce elementor-widget elementor-widget-heading\" data-id=\"93e3dce\" data-element_type=\"widget\" data-e-type=\"widget\" data-widget_type=\"heading.default\">\n\t\t\t\t\t<h1 class=\"elementor-heading-title elementor-size-default\">JEU SNAKE EN C<\/h1>\t\t\t\t<\/div>\n\t\t\t\t<\/div>\n\t\t\t\t\t<\/div>\n\t\t\t\t<\/div>\n\t\t<div class=\"elementor-element elementor-element-96e5422 e-flex e-con-boxed e-con e-parent\" data-id=\"96e5422\" data-element_type=\"container\" data-e-type=\"container\" data-settings=\"{&quot;background_background&quot;:&quot;classic&quot;}\">\n\t\t\t\t\t<div class=\"e-con-inner\">\n\t\t<div class=\"elementor-element elementor-element-22d765d e-con-full e-flex e-con e-child\" data-id=\"22d765d\" data-element_type=\"container\" data-e-type=\"container\">\n\t\t\t\t<div class=\"elementor-element elementor-element-e4f0874 elementor-widget elementor-widget-text-editor\" data-id=\"e4f0874\" data-element_type=\"widget\" data-e-type=\"widget\" data-widget_type=\"text-editor.default\">\n\t\t\t\t\t\t\t\t\t<p><b>L&rsquo;objectif du projet \u00e9tait de r\u00e9aliser le c\u00e9l\u00e8bre jeu Snake en C gr\u00e2ce \u00e0 SDL.<\/b><\/p><p><b>Des r\u00e8gles sp\u00e9ciales ont \u00e9t\u00e9 ajout\u00e9es pour rendre la partie\u00a0plus difficile :\u00a0<\/b><\/p><p><b>&#8211; Si le joueur mange l&rsquo;aliment marron qui appara\u00eet de fa\u00e7on al\u00e9atoire c&rsquo;est perdu<\/b><\/p><p><b>&#8211; Si le serpent se mord c&rsquo;est perdu<\/b><\/p><p><b>&#8211; Si le serpent touche un mur c&rsquo;est perdu<\/b><\/p><p><b>&#8211; Si le joueur couvre toute la surface de jeu avec le serpent c&rsquo;est gagn\u00e9<\/b><\/p>\t\t\t\t\t\t\t\t<\/div>\n\t\t\t\t<div class=\"elementor-element elementor-element-1970ba6 elementor-widget elementor-widget-image\" data-id=\"1970ba6\" data-element_type=\"widget\" data-e-type=\"widget\" data-widget_type=\"image.default\">\n\t\t\t\t\t\t\t\t\t\t\t\t\t\t\t<img fetchpriority=\"high\" decoding=\"async\" width=\"592\" height=\"648\" src=\"https:\/\/nathanchabalier.com\/wp-content\/uploads\/2025\/10\/Capture-decran-2025-10-17-a-19.33.02.png\" class=\"attachment-large size-large wp-image-259\" alt=\"Image du jeu snake\" srcset=\"https:\/\/nathanchabalier.com\/wp-content\/uploads\/2025\/10\/Capture-decran-2025-10-17-a-19.33.02.png 592w, https:\/\/nathanchabalier.com\/wp-content\/uploads\/2025\/10\/Capture-decran-2025-10-17-a-19.33.02-274x300.png 274w\" sizes=\"(max-width: 592px) 100vw, 592px\" \/>\t\t\t\t\t\t\t\t\t\t\t\t\t\t\t<\/div>\n\t\t\t\t<\/div>\n\t\t\t\t\t<\/div>\n\t\t\t\t<\/div>\n\t\t\t\t<\/div>\n\t\t","protected":false},"excerpt":{"rendered":"<p>JEU SNAKE EN C L&rsquo;objectif du projet \u00e9tait de r\u00e9aliser le c\u00e9l\u00e8bre jeu Snake en C gr\u00e2ce \u00e0 SDL. Des r\u00e8gles sp\u00e9ciales ont \u00e9t\u00e9 ajout\u00e9es pour rendre la partie\u00a0plus difficile :\u00a0 &#8211; Si le joueur mange l&rsquo;aliment marron qui appara\u00eet de fa\u00e7on al\u00e9atoire c&rsquo;est perdu &#8211; Si le serpent se mord c&rsquo;est perdu &#8211; Si [&hellip;]<\/p>\n","protected":false},"author":1,"featured_media":0,"parent":0,"menu_order":0,"comment_status":"closed","ping_status":"closed","template":"","meta":{"_acf_changed":false,"footnotes":""},"class_list":["post-248","page","type-page","status-publish","hentry"],"acf":[],"_links":{"self":[{"href":"https:\/\/nathanchabalier.com\/index.php?rest_route=\/wp\/v2\/pages\/248","targetHints":{"allow":["GET"]}}],"collection":[{"href":"https:\/\/nathanchabalier.com\/index.php?rest_route=\/wp\/v2\/pages"}],"about":[{"href":"https:\/\/nathanchabalier.com\/index.php?rest_route=\/wp\/v2\/types\/page"}],"author":[{"embeddable":true,"href":"https:\/\/nathanchabalier.com\/index.php?rest_route=\/wp\/v2\/users\/1"}],"replies":[{"embeddable":true,"href":"https:\/\/nathanchabalier.com\/index.php?rest_route=%2Fwp%2Fv2%2Fcomments&post=248"}],"version-history":[{"count":31,"href":"https:\/\/nathanchabalier.com\/index.php?rest_route=\/wp\/v2\/pages\/248\/revisions"}],"predecessor-version":[{"id":486,"href":"https:\/\/nathanchabalier.com\/index.php?rest_route=\/wp\/v2\/pages\/248\/revisions\/486"}],"wp:attachment":[{"href":"https:\/\/nathanchabalier.com\/index.php?rest_route=%2Fwp%2Fv2%2Fmedia&parent=248"}],"curies":[{"name":"wp","href":"https:\/\/api.w.org\/{rel}","templated":true}]}}